{"id":1873,"date":"2022-07-01T05:30:51","date_gmt":"2022-07-01T05:30:51","guid":{"rendered":"https:\/\/notariatracari.ro\/?page_id=1873"},"modified":"2022-07-03T20:40:37","modified_gmt":"2022-07-03T20:40:37","slug":"acte-necesare-pentru-vanzarea-imobilelor","status":"publish","type":"page","link":"https:\/\/notariatracari.ro\/index.php\/acte-necesare-pentru-vanzarea-imobilelor\/","title":{"rendered":"Acte necesare pentru vanzarea imobilelor"},"content":{"rendered":"\t\t<div data-elementor-type=\"wp-page\" data-elementor-id=\"1873\" class=\"elementor elementor-1873\">\n\t\t\t\t\t\t\t\t\t<section class=\"elementor-section elementor-top-section elementor-element elementor-element-rblj95o elementor-section-height-min-height elementor-section-boxed elementor-section-height-default elementor-section-items-middle exad-glass-effect-no exad-sticky-section-no\" data-id=\"rblj95o\" data-element_type=\"section\" data-settings=\"{&quot;background_background&quot;:&quot;classic&quot;}\">\n\t\t\t\t\t\t\t<div class=\"elementor-background-overlay\"><\/div>\n\t\t\t\t\t\t\t<div class=\"elementor-container elementor-column-gap-default\">\n\t\t\t\t\t<div class=\"elementor-column elementor-col-100 elementor-top-column elementor-element elementor-element-e5f5bb7 exad-glass-effect-no exad-sticky-section-no\" data-id=\"e5f5bb7\" data-element_type=\"column\">\n\t\t\t<div class=\"elementor-widget-wrap elementor-element-populated\">\n\t\t\t\t\t\t\t\t<div class=\"elementor-element elementor-element-fc9b946 exad-sticky-section-no exad-glass-effect-no elementor-widget elementor-widget-heading\" data-id=\"fc9b946\" data-element_type=\"widget\" data-widget_type=\"heading.default\">\n\t\t\t\t<div class=\"elementor-widget-container\">\n\t\t\t<style>\/*! elementor - v3.6.7 - 03-07-2022 *\/\n.elementor-heading-title{padding:0;margin:0;line-height:1}.elementor-widget-heading .elementor-heading-title[class*=elementor-size-]>a{color:inherit;font-size:inherit;line-height:inherit}.elementor-widget-heading .elementor-heading-title.elementor-size-small{font-size:15px}.elementor-widget-heading .elementor-heading-title.elementor-size-medium{font-size:19px}.elementor-widget-heading .elementor-heading-title.elementor-size-large{font-size:29px}.elementor-widget-heading .elementor-heading-title.elementor-size-xl{font-size:39px}.elementor-widget-heading .elementor-heading-title.elementor-size-xxl{font-size:59px}<\/style><h1 class=\"elementor-heading-title elementor-size-default\">Acte necesare pentru v\u00e2nzarea imobilelor\n<\/h1>\t\t<\/div>\n\t\t\t\t<\/div>\n\t\t\t\t\t<\/div>\n\t\t<\/div>\n\t\t\t\t\t\t\t<\/div>\n\t\t<\/section>\n\t\t\t\t<section class=\"elementor-section elementor-top-section elementor-element elementor-element-47fb88e elementor-section-boxed elementor-section-height-default elementor-section-height-default exad-glass-effect-no exad-sticky-section-no\" data-id=\"47fb88e\" data-element_type=\"section\">\n\t\t\t\t\t\t<div class=\"elementor-container elementor-column-gap-default\">\n\t\t\t\t\t<div class=\"elementor-column elementor-col-100 elementor-top-column elementor-element elementor-element-2a0fec5 exad-glass-effect-no exad-sticky-section-no\" data-id=\"2a0fec5\" data-element_type=\"column\">\n\t\t\t<div class=\"elementor-widget-wrap elementor-element-populated\">\n\t\t\t\t\t\t\t\t<div class=\"elementor-element elementor-element-5a820db exad-sticky-section-no exad-glass-effect-no elementor-widget elementor-widget-text-editor\" data-id=\"5a820db\" data-element_type=\"widget\" data-widget_type=\"text-editor.default\">\n\t\t\t\t<div class=\"elementor-widget-container\">\n\t\t\t<style>\/*! elementor - v3.6.7 - 03-07-2022 *\/\n.elementor-widget-text-editor.elementor-drop-cap-view-stacked .elementor-drop-cap{background-color:#818a91;color:#fff}.elementor-widget-text-editor.elementor-drop-cap-view-framed .elementor-drop-cap{color:#818a91;border:3px solid;background-color:transparent}.elementor-widget-text-editor:not(.elementor-drop-cap-view-default) .elementor-drop-cap{margin-top:8px}.elementor-widget-text-editor:not(.elementor-drop-cap-view-default) .elementor-drop-cap-letter{width:1em;height:1em}.elementor-widget-text-editor .elementor-drop-cap{float:left;text-align:center;line-height:1;font-size:50px}.elementor-widget-text-editor .elementor-drop-cap-letter{display:inline-block}<\/style>\t\t\t\t<h3>1. Acte necesare pentru p\u0103r\u021bi:<\/h3><ul><li>c\u0103r\u021bile de identitate \u0219i certificatele de c\u0103s\u0103torie (v\u00e2nz\u0103tori \u0219i cump\u0103r\u0103tori)<\/li><li>pentru cet\u0103\u021benii str\u0103ini: pa\u0219aport \u0219i certificat de \u00eenregistrare fiscal\u0103 \u00een Rom\u00e2nia (N.I.F.\/ C.I.F. \u2013 eliberat de c\u0103tre ANAF \u2013 NIF-ul se ob\u021bine prin procur\u0103)<\/li><li>sentin\u021ba civil\u0103\/certificatul de divor\u021b \u2013 dac\u0103 este cazul<\/li><\/ul><h3>2. Acte necesare pentru imobil:<\/h3><ul><li><strong>ACTE DE PROPRIETATE:<\/strong><ul><li>contract de v\u00e2nzare cump\u0103rare \/ contract de construire<\/li><li>proces verbal de predare primire<\/li><li>certificate de mo\u0219tenitor (sunt obligatorii \u0219i actele vechi de proprietate)<\/li><li>contract de dona\u021bie, contract de partaj, etc.<\/li><\/ul><\/li><li>schi\u021b\u0103 cadastral\u0103 + \u00eencheierea de intabulare + extras CF pentru informare<\/li><li>certificat de atestare fiscal\u0103 (pe numele tuturor v\u00e2nz\u0103torilor) \u2013 de la Direc\u021bia de Impozite \u0219i Taxe Locale \/ Direc\u021bia Venituri Buget Local<\/li><li>certificat de performan\u021b\u0103 energetic\u0103<\/li><li>adeverin\u021b\u0103 de la asocia\u021bia de locatari (\u00een cazul apartamentelor)<\/li><li>ultimele chitan\u021be \u0219i facturi \u2013 pentru utilit\u0103\u021bi (ENEL, gaze naturale, etc.)<\/li><li>extras de carte funciar\u0103 pentru autentificare (se ob\u021bine de c\u0103tre Biroul Notarial)<\/li><li>extras de CONT \u2013 pe numele v\u00e2nz\u0103torului (contul \u00een care se vireaz\u0103 pre\u021bul v\u00e2nz\u0103rii)<\/li><\/ul><p><strong>\u00cen cazul persoanelor interzise:<\/strong><\/p><ul><li>hot\u0103r\u00e2rea judec\u0103toreasc\u0103 prin care a fost numit tutorele<\/li><li>dispozi\u021bie de curator pentru semnarea actului notarial<\/li><li>cartea de identitate a reprezentantului legal<\/li><\/ul><p>Dup\u0103 verificarea documentelor transmise de dumneavoastr\u0103, ne vom exprima opinia cu privire la procedura de urmat \u0219i\/sau completarea cu alte acte.<\/p><p><strong>\u00cen momentul \u00een care v\u0103 prezenta\u021bi la sediul Biroului Individual Notarial Elena Irina Radu \u00een R\u0103cari, str. Ana Ip\u0103tescu nr. 178, este necesar s\u0103 prezenta\u021bi toate documentele solicitate \u00een original.<\/strong><\/p>\t\t\t\t\t\t<\/div>\n\t\t\t\t<\/div>\n\t\t\t\t\t<\/div>\n\t\t<\/div>\n\t\t\t\t\t\t\t<\/div>\n\t\t<\/section>\n\t\t\t\t<section class=\"elementor-section elementor-top-section elementor-element elementor-element-8836617 elementor-section-boxed elementor-section-height-default elementor-section-height-default exad-glass-effect-no exad-sticky-section-no\" data-id=\"8836617\" data-element_type=\"section\">\n\t\t\t\t\t\t<div class=\"elementor-container elementor-column-gap-default\">\n\t\t\t\t\t<div class=\"elementor-column elementor-col-33 elementor-top-column elementor-element elementor-element-e371795 exad-glass-effect-no exad-sticky-section-no\" data-id=\"e371795\" data-element_type=\"column\">\n\t\t\t<div class=\"elementor-widget-wrap\">\n\t\t\t\t\t\t\t\t\t<\/div>\n\t\t<\/div>\n\t\t\t\t<div class=\"elementor-column elementor-col-33 elementor-top-column elementor-element elementor-element-ee16d70 exad-glass-effect-no exad-sticky-section-no\" data-id=\"ee16d70\" data-element_type=\"column\">\n\t\t\t<div class=\"elementor-widget-wrap elementor-element-populated\">\n\t\t\t\t\t\t\t\t<div class=\"elementor-element elementor-element-733db7c exad-sticky-section-no exad-glass-effect-no elementor-widget elementor-widget-heading\" data-id=\"733db7c\" data-element_type=\"widget\" data-widget_type=\"heading.default\">\n\t\t\t\t<div class=\"elementor-widget-container\">\n\t\t\t<h3 class=\"elementor-heading-title elementor-size-default\">Contacteaz\u0103 Biroul Notarial  Elena Irina Radu<\/h3>\t\t<\/div>\n\t\t\t\t<\/div>\n\t\t\t\t<div class=\"elementor-element elementor-element-b0eb080 exad-sticky-section-no exad-glass-effect-no elementor-widget elementor-widget-text-editor\" data-id=\"b0eb080\" data-element_type=\"widget\" data-widget_type=\"text-editor.default\">\n\t\t\t\t<div class=\"elementor-widget-container\">\n\t\t\t\t\t\t\t<p>Pentru informa\u021bii suplimentare despre activitatea de notariat, acte necesare, program\u0103ri \u0219i deplas\u0103ri ne pute\u021bi contacta prin una din metodele de mai jos:<\/p>\t\t\t\t\t\t<\/div>\n\t\t\t\t<\/div>\n\t\t\t\t<section class=\"elementor-section elementor-inner-section elementor-element elementor-element-e98a233 elementor-section-boxed elementor-section-height-default elementor-section-height-default exad-glass-effect-no exad-sticky-section-no\" data-id=\"e98a233\" data-element_type=\"section\">\n\t\t\t\t\t\t<div class=\"elementor-container elementor-column-gap-default\">\n\t\t\t\t\t<div class=\"elementor-column elementor-col-50 elementor-inner-column elementor-element elementor-element-5eea09f exad-glass-effect-no exad-sticky-section-no\" data-id=\"5eea09f\" data-element_type=\"column\">\n\t\t\t<div class=\"elementor-widget-wrap elementor-element-populated\">\n\t\t\t\t\t\t\t\t<div class=\"elementor-element elementor-element-aadd5ca elementor-align-left elementor-list-item-link-inline elementor-icon-list--layout-traditional exad-sticky-section-no exad-glass-effect-no elementor-widget elementor-widget-icon-list\" data-id=\"aadd5ca\" data-element_type=\"widget\" data-widget_type=\"icon-list.default\">\n\t\t\t\t<div class=\"elementor-widget-container\">\n\t\t\t<link rel=\"stylesheet\" href=\"https:\/\/notariatracari.ro\/wp-content\/plugins\/elementor\/assets\/css\/widget-icon-list.min.css\">\t\t<ul class=\"elementor-icon-list-items\">\n\t\t\t\t\t\t\t<li class=\"elementor-icon-list-item\">\n\t\t\t\t\t\t\t\t\t\t\t<span class=\"elementor-icon-list-icon\">\n\t\t\t\t\t\t\t<i aria-hidden=\"true\" class=\"fas fa-envelope\"><\/i>\t\t\t\t\t\t<\/span>\n\t\t\t\t\t\t\t\t\t\t<span class=\"elementor-icon-list-text\">secretariat@notariatracari.ro<\/span>\n\t\t\t\t\t\t\t\t\t<\/li>\n\t\t\t\t\t\t<\/ul>\n\t\t\t\t<\/div>\n\t\t\t\t<\/div>\n\t\t\t\t\t<\/div>\n\t\t<\/div>\n\t\t\t\t<div class=\"elementor-column elementor-col-50 elementor-inner-column elementor-element elementor-element-7c642d5 exad-glass-effect-no exad-sticky-section-no\" data-id=\"7c642d5\" data-element_type=\"column\">\n\t\t\t<div class=\"elementor-widget-wrap elementor-element-populated\">\n\t\t\t\t\t\t\t\t<div class=\"elementor-element elementor-element-1a47185 elementor-align-left elementor-icon-list--layout-traditional elementor-list-item-link-full_width exad-sticky-section-no exad-glass-effect-no elementor-widget elementor-widget-icon-list\" data-id=\"1a47185\" data-element_type=\"widget\" data-widget_type=\"icon-list.default\">\n\t\t\t\t<div class=\"elementor-widget-container\">\n\t\t\t\t\t<ul class=\"elementor-icon-list-items\">\n\t\t\t\t\t\t\t<li class=\"elementor-icon-list-item\">\n\t\t\t\t\t\t\t\t\t\t\t<span class=\"elementor-icon-list-icon\">\n\t\t\t\t\t\t\t<i aria-hidden=\"true\" class=\"fas fa-phone-alt\"><\/i>\t\t\t\t\t\t<\/span>\n\t\t\t\t\t\t\t\t\t\t<span class=\"elementor-icon-list-text\">0751 321 919<\/span>\n\t\t\t\t\t\t\t\t\t<\/li>\n\t\t\t\t\t\t<\/ul>\n\t\t\t\t<\/div>\n\t\t\t\t<\/div>\n\t\t\t\t\t<\/div>\n\t\t<\/div>\n\t\t\t\t\t\t\t<\/div>\n\t\t<\/section>\n\t\t\t\t\t<\/div>\n\t\t<\/div>\n\t\t\t\t<div class=\"elementor-column elementor-col-33 elementor-top-column elementor-element elementor-element-67704ad exad-glass-effect-no exad-sticky-section-no\" data-id=\"67704ad\" data-element_type=\"column\">\n\t\t\t<div class=\"elementor-widget-wrap\">\n\t\t\t\t\t\t\t\t\t<\/div>\n\t\t<\/div>\n\t\t\t\t\t\t\t<\/div>\n\t\t<\/section>\n\t\t\t\t\t\t\t<\/div>\n\t\t","protected":false},"excerpt":{"rendered":"<p>Acte necesare pentru v\u00e2nzarea imobilelor 1. Acte necesare pentru p\u0103r\u021bi: c\u0103r\u021bile de identitate \u0219i certificatele de c\u0103s\u0103torie (v\u00e2nz\u0103tori \u0219i cump\u0103r\u0103tori) pentru cet\u0103\u021benii str\u0103ini: pa\u0219aport \u0219i certificat de \u00eenregistrare fiscal\u0103 \u00een Rom\u00e2nia (N.I.F.\/ C.I.F. \u2013 eliberat de c\u0103tre ANAF \u2013 NIF-ul se ob\u021bine prin procur\u0103) sentin\u021ba civil\u0103\/certificatul de divor\u021b \u2013 dac\u0103 este cazul 2. Acte necesare &hellip;<\/p>\n<p class=\"read-more\"> <a class=\"\" href=\"https:\/\/notariatracari.ro\/index.php\/acte-necesare-pentru-vanzarea-imobilelor\/\"> <span class=\"screen-reader-text\">Acte necesare pentru vanzarea imobilelor<\/span> Read More &raquo;<\/a><\/p>\n","protected":false},"author":2,"featured_media":0,"parent":0,"menu_order":0,"comment_status":"closed","ping_status":"closed","template":"","meta":{"site-sidebar-layout":"no-sidebar","site-content-layout":"page-builder","ast-global-header-display":"disabled","ast-main-header-display":"","ast-hfb-above-header-display":"","ast-hfb-below-header-display":"","ast-hfb-mobile-header-display":"","site-post-title":"disabled","ast-breadcrumbs-content":"","ast-featured-img":"disabled","footer-sml-layout":"","theme-transparent-header-meta":"","adv-header-id-meta":"","stick-header-meta":"","header-above-stick-meta":"","header-main-stick-meta":"","header-below-stick-meta":"","footnotes":""},"class_list":["post-1873","page","type-page","status-publish","hentry"],"_links":{"self":[{"href":"https:\/\/notariatracari.ro\/index.php\/wp-json\/wp\/v2\/pages\/1873","targetHints":{"allow":["GET"]}}],"collection":[{"href":"https:\/\/notariatracari.ro\/index.php\/wp-json\/wp\/v2\/pages"}],"about":[{"href":"https:\/\/notariatracari.ro\/index.php\/wp-json\/wp\/v2\/types\/page"}],"author":[{"embeddable":true,"href":"https:\/\/notariatracari.ro\/index.php\/wp-json\/wp\/v2\/users\/2"}],"replies":[{"embeddable":true,"href":"https:\/\/notariatracari.ro\/index.php\/wp-json\/wp\/v2\/comments?post=1873"}],"version-history":[{"count":41,"href":"https:\/\/notariatracari.ro\/index.php\/wp-json\/wp\/v2\/pages\/1873\/revisions"}],"predecessor-version":[{"id":1933,"href":"https:\/\/notariatracari.ro\/index.php\/wp-json\/wp\/v2\/pages\/1873\/revisions\/1933"}],"wp:attachment":[{"href":"https:\/\/notariatracari.ro\/index.php\/wp-json\/wp\/v2\/media?parent=1873"}],"curies":[{"name":"wp","href":"https:\/\/api.w.org\/{rel}","templated":true}]}}