{"id":1988,"date":"2022-07-22T16:15:54","date_gmt":"2022-07-22T16:15:54","guid":{"rendered":"https:\/\/notariatracari.ro\/?page_id=1988"},"modified":"2022-07-22T16:22:36","modified_gmt":"2022-07-22T16:22:36","slug":"acte-necesare-pentru-declaratie-de-calatorie-minor-peste-granitele-tarii","status":"publish","type":"page","link":"https:\/\/notariatracari.ro\/index.php\/acte-necesare-pentru-declaratie-de-calatorie-minor-peste-granitele-tarii\/","title":{"rendered":"Acte necesare pentru declara\u021bie de c\u0103l\u0103torie minor peste grani\u021bele \u021b\u0103rii"},"content":{"rendered":"\t\t<div data-elementor-type=\"wp-page\" data-elementor-id=\"1988\" class=\"elementor elementor-1988\">\n\t\t\t\t\t\t\t\t\t<section class=\"elementor-section elementor-top-section elementor-element elementor-element-e97fcf5 elementor-section-boxed elementor-section-height-default elementor-section-height-default exad-glass-effect-no exad-sticky-section-no\" data-id=\"e97fcf5\" data-element_type=\"section\" data-settings=\"{&quot;background_background&quot;:&quot;classic&quot;}\">\n\t\t\t\t\t\t<div class=\"elementor-container elementor-column-gap-default\">\n\t\t\t\t\t<div class=\"elementor-column elementor-col-100 elementor-top-column elementor-element elementor-element-9df3369 exad-glass-effect-no exad-sticky-section-no\" data-id=\"9df3369\" data-element_type=\"column\">\n\t\t\t<div class=\"elementor-widget-wrap elementor-element-populated\">\n\t\t\t\t\t\t\t\t<div class=\"elementor-element elementor-element-766ad18 exad-sticky-section-no exad-glass-effect-no elementor-widget elementor-widget-text-editor\" data-id=\"766ad18\" data-element_type=\"widget\" data-widget_type=\"text-editor.default\">\n\t\t\t\t<div class=\"elementor-widget-container\">\n\t\t\t<style>\/*! elementor - v3.6.7 - 03-07-2022 *\/\n.elementor-widget-text-editor.elementor-drop-cap-view-stacked .elementor-drop-cap{background-color:#818a91;color:#fff}.elementor-widget-text-editor.elementor-drop-cap-view-framed .elementor-drop-cap{color:#818a91;border:3px solid;background-color:transparent}.elementor-widget-text-editor:not(.elementor-drop-cap-view-default) .elementor-drop-cap{margin-top:8px}.elementor-widget-text-editor:not(.elementor-drop-cap-view-default) .elementor-drop-cap-letter{width:1em;height:1em}.elementor-widget-text-editor .elementor-drop-cap{float:left;text-align:center;line-height:1;font-size:50px}.elementor-widget-text-editor .elementor-drop-cap-letter{display:inline-block}<\/style>\t\t\t\t<ul><li>C\u0103r\u021bi de identitate \u2013 P\u0103rin\u021bi.<\/li><li>Carte de identitate \u00eenso\u021bitor.<\/li><li>Certificat de na\u0219tere minor (obligatoriu).<\/li><li>Pa\u0219aport minor (dac\u0103 este cazul).<\/li><li>Carte de identitate minor (dac\u0103 are peste 14 ani).<\/li><li>Perioada \u00een care minorul p\u0103r\u0103se\u0219te teritoriul Rom\u00e2niei.<\/li><li>\u021a\u0103rile unde va c\u0103l\u0103tori minorul.<\/li><li>\u00cen cazul \u00een care copilul minor nu c\u0103l\u0103tore\u0219te \u00eenso\u021bit de unul dintre p\u0103rin\u021bi, atunci \u00eenso\u021bitorul va avea nevoie de cazier judiciar.<\/li><\/ul><p>\u00cen func\u021bie de situa\u021bie ar putea fi nevoie de alte documente.<\/p><p>Cu respectare tuturor condi\u021biilor de confiden\u021bialitate \u0219i a GDPR, Biroul Individual Notarial ELENA IRINA RADU cu sediul \u00een R\u0103cari, Str. Ana Ip\u0103tescu nr 178, v\u0103 \u00eendrum\u0103 spre a trimite pe adresa de e-mail a biroului secretariat@notariatracari.ro\u00a0toate documentele necesare \u00een prealabil pentru ca actul notarial sa fie redactat si preg\u0103tit pentru eliberare, transmiterea acestora reprezent\u00e2nd acceptul dumneavoastr\u0103 pentru prelucrarea datelor cu caracter personal.<\/p><p>\u00cen momentul \u00een care v\u0103 prezenta\u021bi la sediul Biroul Individual Notarial ELENA IRINA RADU,\u00a0 Str. Ana Ip\u0103tescu nr. 178, R\u0103cari, este necesar s\u0103 prezenta\u021bi toate documentele solicitate \u00een original cu excep\u021bia c\u0103r\u021bilor de identitate ale \u00eenso\u021bitorilor.<\/p>\t\t\t\t\t\t<\/div>\n\t\t\t\t<\/div>\n\t\t\t\t\t<\/div>\n\t\t<\/div>\n\t\t\t\t\t\t\t<\/div>\n\t\t<\/section>\n\t\t\t\t\t\t\t<\/div>\n\t\t","protected":false},"excerpt":{"rendered":"<p>C\u0103r\u021bi de identitate \u2013 P\u0103rin\u021bi. Carte de identitate \u00eenso\u021bitor. Certificat de na\u0219tere minor (obligatoriu). Pa\u0219aport minor (dac\u0103 este cazul). Carte de identitate minor (dac\u0103 are peste 14 ani). Perioada \u00een care minorul p\u0103r\u0103se\u0219te teritoriul Rom\u00e2niei. \u021a\u0103rile unde va c\u0103l\u0103tori minorul. \u00cen cazul \u00een care copilul minor nu c\u0103l\u0103tore\u0219te \u00eenso\u021bit de unul dintre p\u0103rin\u021bi, atunci \u00eenso\u021bitorul &hellip;<\/p>\n<p class=\"read-more\"> <a class=\"\" href=\"https:\/\/notariatracari.ro\/index.php\/acte-necesare-pentru-declaratie-de-calatorie-minor-peste-granitele-tarii\/\"> <span class=\"screen-reader-text\">Acte necesare pentru declara\u021bie de c\u0103l\u0103torie minor peste grani\u021bele \u021b\u0103rii<\/span> Read More &raquo;<\/a><\/p>\n","protected":false},"author":2,"featured_media":0,"parent":0,"menu_order":0,"comment_status":"closed","ping_status":"closed","template":"","meta":{"site-sidebar-layout":"no-sidebar","site-content-layout":"page-builder","ast-global-header-display":"","ast-main-header-display":"","ast-hfb-above-header-display":"","ast-hfb-below-header-display":"","ast-hfb-mobile-header-display":"","site-post-title":"disabled","ast-breadcrumbs-content":"","ast-featured-img":"disabled","footer-sml-layout":"","theme-transparent-header-meta":"","adv-header-id-meta":"","stick-header-meta":"","header-above-stick-meta":"","header-main-stick-meta":"","header-below-stick-meta":"","footnotes":""},"class_list":["post-1988","page","type-page","status-publish","hentry"],"_links":{"self":[{"href":"https:\/\/notariatracari.ro\/index.php\/wp-json\/wp\/v2\/pages\/1988","targetHints":{"allow":["GET"]}}],"collection":[{"href":"https:\/\/notariatracari.ro\/index.php\/wp-json\/wp\/v2\/pages"}],"about":[{"href":"https:\/\/notariatracari.ro\/index.php\/wp-json\/wp\/v2\/types\/page"}],"author":[{"embeddable":true,"href":"https:\/\/notariatracari.ro\/index.php\/wp-json\/wp\/v2\/users\/2"}],"replies":[{"embeddable":true,"href":"https:\/\/notariatracari.ro\/index.php\/wp-json\/wp\/v2\/comments?post=1988"}],"version-history":[{"count":7,"href":"https:\/\/notariatracari.ro\/index.php\/wp-json\/wp\/v2\/pages\/1988\/revisions"}],"predecessor-version":[{"id":1995,"href":"https:\/\/notariatracari.ro\/index.php\/wp-json\/wp\/v2\/pages\/1988\/revisions\/1995"}],"wp:attachment":[{"href":"https:\/\/notariatracari.ro\/index.php\/wp-json\/wp\/v2\/media?parent=1988"}],"curies":[{"name":"wp","href":"https:\/\/api.w.org\/{rel}","templated":true}]}}